
Let j(t) be the second derivative of -t**5/10 - t**4/4 - t. Let l be (24/(-9) + 3)*-6. What is the units digit of j(l)?
4
Suppose 0 = -3*l - 4*b + 6, -2*b - 3*b = -2*l + 4. Suppose -145 = -7*y + l*y. Suppose -3*r = 8 - y. What is the units digit of r?
7
Let n(f) = -f**3 + 4*f**2 + 5*f + 4. Let y be n(5). Suppose -y*u = -2*u - 14. What is the units digit of u?
7
Let h be (-1 + 4)*1 - 1. Let v = -28 + 32. What is the units digit of (2/4)/(h/v)?
1
Suppose -12 = -3*b + 3. Suppose 4 = -4*j - b*y, 7 = -j - 3*y - 1. What is the units digit of j?
4
Let f(z) = -2*z**2 + 16*z - 4. What is the tens digit of f(6)?
2
Suppose 2 = 2*b, -3*b = 4*k + 15 - 62. Let x = 20 - k. What is the units digit of x?
9
Suppose 4*p + 2 = 62. What is the tens digit of p?
1
Suppose -5*y = -25, -2*f - 3*y + 57 = -2*y. Suppose 0 = 5*m - f - 244. What is the units digit of m?
4
Let r(q) = -16*q + 28. What is the hundreds digit of r(-12)?
2
Suppose 4 = t + w + 3*w, 0 = t + w - 4. Let n be 1*0/(-2 - 0). Suppose x + n*x = t. What is the units digit of x?
4
Suppose -5*a + 64 = -3*t, -t + 5*a = t + 51. Let n = 11 - t. What is the units digit of n?
4
Let j(t) = t**3 - t + 4. Let l be j(0). Suppose q + 42 = 2*d + 7, -l*d - q + 73 = 0. What is the units digit of d?
8
Suppose 0 = -4*z - 2*s + 8, 2*s - 11 = -3. Suppose d + i = 5*d - 60, z = -2*d + 2*i + 36. What is the tens digit of d?
1
Suppose 0 = 14*g + 3 - 115. What is the units digit of g?
8
Suppose -3 = -5*k + 17. Suppose 2*f + 109 = 3*y, -3*f = -k*f - 2. Suppose -5*o = -0*o - y. What is the units digit of o?
7
Let x = -22 + 14. Let o = x - -14. Suppose -5*m - o*s + 45 = -s, s = -2*m + 13. What is the units digit of m?
4
Let n = 9 - 21. Let t = n + 24. What is the tens digit of t?
1
Let k(s) = 7*s + 6. What is the tens digit of k(3)?
2
Suppose b = t - 51, 0*b + 2*b - 8 = 0. What is the units digit of t?
5
Let r be (-2)/(16/(-6))*12. What is the units digit of (-6)/(-4)*48/r?
8
Let x be 3 - 2/((-2)/(-1)). Suppose -16 = -3*i + x. What is the units digit of i?
6
Suppose 5*z + 3*y = 27 - 7, -4 = 3*z + 5*y. Suppose 63 = 10*d - z*d. What is the tens digit of d?
2
Suppose -o - 7*o + 480 = 0. What is the tens digit of o?
6
Let b(s) = s + 14. Let y be b(10). Let l = y - 17. What is the units digit of l?
7
Let t(m) = 3*m**2 - 13*m + 39. What is the tens digit of t(9)?
6
Let l(f) = -f + 11. Let v be l(9). Let d = v + -3. What is the units digit of -1 + ((-15)/1)/d?
4
Suppose -4*k + 186 = -150. What is the tens digit of k?
8
Let v(k) = -5*k + 7. Let f(c) = -3*c + 15. Let p(w) = w. Let j(b) = f(b) - 6*p(b). Let i(q) = 6*j(q) - 11*v(q). What is the units digit of i(-7)?
6
Let v(d) = -d**3 + 15*d**2 + 17*d - 9. What is the units digit of v(16)?
7
Let u = 10 + -16. Let h = u - -2. Let w = 13 - h. What is the tens digit of w?
1
Let x = 479 - 337. What is the hundreds digit of x?
1
Let i(v) be the first derivative of 1/3*v**3 - 7/2*v**2 - 3 - 12*v. What is the units digit of i(10)?
8
Suppose -k - 87 = -5*s + 925, 4*s = 5*k + 797. What is the hundreds digit of s?
2
Suppose -n + 31 = 4*s, 5*s + 0*s = 4*n + 65. Suppose 45 + 111 = 4*x. What is the tens digit of -12*(3 - x/s)?
1
Let b(i) = -i**3 - i**2 + 12*i + 15. What is the tens digit of b(-5)?
5
What is the units digit of 34/51*1038/4?
3
Suppose 0*k + 2 = 2*c + 4*k, -c - 5 = -4*k. Let g be c/(-1)*0/(-2). Suppose -3*x - 5*n - 5 = g, 4*x + n + 2*n = 8. What is the units digit of x?
5
Let w(s) be the third derivative of s**6/120 + s**5/10 + s**4/12 - 2*s**3/3 + 4*s**2. What is the units digit of w(-3)?
7
Let w be (-1 - 3)*27/(-6). Suppose 4*d = w - 2. What is the units digit of d?
4
Suppose 5*c + 5*t = 390, 3*c - 3*t - 230 = -2*t. Let n = c + -55. What is the units digit of n?
2
Suppose -3*u + u + 6 = 0. Suppose -3*r - 10 = -8*r + u*i, -5*i - 2 = -r. What is the units digit of (-2 + r + -4)*-2?
8
Let j(d) = 3*d**3 - 3*d**2 + 3*d + 4. Let s be j(3). Let q be (3 - 2)/(1/s). Suppose 5*y = -7 + q. What is the units digit of y?
2
Let i = 49 - -39. What is the tens digit of i?
8
Let m(z) = 17*z**2 + 2 + z**3 - 19*z**2 - 3*z + 0. What is the units digit of m(4)?
2
Suppose 0 = -3*p + 4*w + 54, 3*w = -2*w. Suppose -i - i = -p. What is the units digit of i?
9
Let l(o) = -2*o**3 + 1 - 2 + o**3 + 4*o**2 - 2*o. What is the units digit of l(2)?
3
Let y(h) = -130*h - 2. What is the hundreds digit of y(-1)?
1
Let r(k) = -k**2 - 3*k + 2. Let h be r(-3). What is the units digit of (4/h - 1) + 37?
8
Suppose -4*y + 2*y - 46 = -4*n, 0 = -2*n - 4*y + 18. What is the units digit of n?
1
Suppose -2*v = -4*n - 152, -2*v + 54 + 106 = -2*n. Suppose 7 = -d + v. Suppose -4 = y - 5*y, -4*s - 5*y = -d. What is the tens digit of s?
1
Let k(f) = f**3 + 2*f**2 - 2*f - 7. Let w(z) = -z**3 - 2*z**2 + 2*z + 6. Let u(b) = -5*k(b) - 6*w(b). What is the units digit of u(-2)?
3
Let d = 27 - 18. Let n = d + -9. Let w = n - -8. What is the units digit of w?
8
Let f(h) = h**2 + 3*h - 2. Let v be f(-5). Let d(z) = -v*z - z + 4*z - 3*z. What is the units digit of d(-2)?
6
Suppose 3*q + 8 = q. Let c(x) = -2*x + 1. What is the units digit of c(q)?
9
Let u be (-1 + (-3 - -2))*-1. What is the tens digit of 17 + (u - (2 - -2))?
1
What is the hundreds digit of 15/(-25) + 4/(-10) - -231?
2
Let d(r) = 9*r - 2. Let h(j) = -17*j + 3. Let l(i) = 7*d(i) + 4*h(i). Let y be l(-2). What is the units digit of 93/12 - (-2)/y?
8
Let c(s) = s**2 - 2*s - 4. Let u be c(4). What is the units digit of -10*(-3 + (u - 2))?
0
Let g = 41 + 282. What is the units digit of g?
3
Let i(g) = -1 + g - 4 + 4 + 3*g**2. Let t be i(1). Suppose 5*s + c - 20 = 0, -t*s - c + 17 = s. What is the units digit of s?
3
Suppose -13*o + 12*o = -31. What is the tens digit of o?
3
Let x(a) = a**2 - 11*a + 3. What is the units digit of x(13)?
9
Let k be 3 + 9*4 + 3. Suppose 44 + k = 2*x. What is the units digit of x?
3
Let d(b) = -27*b. What is the tens digit of d(-1)?
2
Let y(a) = a**2 + 5*a - 6. Let s be y(-6). Let j = 9 + s. Suppose -3*k + 0*k = -j. What is the units digit of k?
3
Let o(x) = 13*x**2 + 2*x + 1. Suppose 3*m = 5*m. Let j be m - -3*3/(-9). What is the tens digit of o(j)?
1
Suppose 9 = -3*p, -5*y - p + 0*p + 12 = 0. What is the units digit of y?
3
Let c = 8 - -2. Let q = c - 9. What is the units digit of q?
1
What is the tens digit of (-4)/12 + (1 - 1988/(-6))?
3
Suppose -294 = c - 8*c. What is the units digit of c?
2
Let b be 2 - 1*(6 - 3). What is the units digit of ((-5)/10)/(b/26)?
3
Let s be (2/(-6))/((-2)/24). Suppose d = -s*d. Suppose -k = -d*k - 3. What is the units digit of k?
3
Let l = -2 + -8. Let b = l + 6. Let j = b - -6. What is the units digit of j?
2
What is the tens digit of -2 + -29*(-3 - -2)?
2
Suppose -d = d - 10. Suppose 0 = n + 5*m - 3, -3 = n - m - 6. Suppose 2*h - 4*h + 8 = 3*x, -n*h = d*x - 10. What is the tens digit of h?
1
Let m(c) = -2*c + 1. Let r be m(-2). Suppose -u = -r*u + 52. What is the tens digit of u?
1
Let v = -21 + 9. What is the units digit of 1/(-1)*(v + 0)?
2
Let j(r) = r**2 - r - 2. What is the tens digit of j(-3)?
1
Let p(l) = -l - 2 + 3 - 2. Let a be 6/33 + 70/(-22). What is the units digit of p(a)?
2
Let n be (-68)/(-20) + (-6)/(-10). Let t = n - 3. What is the units digit of t?
1
Let y be (90/(-75))/(3/10). What is the units digit of y/(-12)*(-2 + 71)?
3
Let y = 3 - -2. Suppose -2*a + 13 = -3*k, 0 = 4*a - 3*a + y*k. What is the units digit of a?
5
Let f(v) be the first derivative of -4 + v - v**2 + 1/3*v**3 + 1/4*v**4. What is the units digit of f(-2)?
1
Let i = 9 - 3. Suppose i*g - 5*l = g + 30, -4*g = -l - 24. What is the units digit of g?
6
Let y = 257 + -125. What is the hundreds digit of y?
1
Suppose -90 = -5*i - 0. What is the tens digit of i?
1
Let f be (-8)/44 - (-2)/11. Suppose f*c = 4*c + 36. What is the units digit of c/6*2/(-3)?
1
Let g(z) be the first derivative of 3*z**2/2 + 2*z - 6. Let b(j) = j**3 - 6*j**2 + 4*j + 7. Let w be b(5). What is the units digit of g(w)?
8
Let l(d) = 10*d**2 + 6*d - 5. What is the hundreds digit of l(3)?
1
Let u(c) = c**3 + 3*c**2 + 2*c + 2. Let k be u(-2). Suppose -4*v = -5*s + 53, -k*s = -4*v + 9 - 23. What is the units digit of s?
3
Let j = 9 + -37. What is the units digit of (2 + j)/(-2 + 1)?
6
Suppose 2*c = -31 + 313. What is the units digit of c?
1
Let l be ((-3)/6)/(5/110). Let w = 